git of 18221?
2
What is the hundreds digit of 6753620?
6
What is the hundred thousands digit of 871872?
8
What is the tens digit of 499764?
6
What is the units digit of 930540?
0
What is the hundreds digit of 186831?
8
What is the hundreds digit of 241347?
3
What is the tens digit of 9910619?
1
What is the ten thousands digit of 134856?
3
What is the tens digit of 297124?
2
What is the tens digit of 1136344?
4
What is the ten thousands digit of 2751934?
5
What is the hundreds digit of 1048490?
4
What is the units digit of 21335187?
7
What is the hundred thousands digit of 643806?
6
What is the ten thousands digit of 187674?
8
What is the tens digit of 206991?
9
What is the hundred thousands digit of 715745?
7
What is the hundreds digit of 132276?
2
What is the hundred thousands digit of 913279?
9
What is the tens digit of 994864?
6
What is the hundreds digit of 286310?
3
What is the thousands digit of 179778?
9
What is the hundred thousands digit of 209948?
2
What is the hundreds digit of 682752?
7
What is the units digit of 9096?
6
What is the thousands digit of 1830871?
0
What is the hundred thousands digit of 1422819?
4
What is the ten thousands digit of 533536?
3
What is the millions digit of 36598751?
6
What is the units digit of 5149879?
9
What is the units digit of 16125?
5
What is the thousands digit of 677871?
7
What is the hundred thousands digit of 1892070?
8
What is the thousands digit of 700082?
0
What is the hundreds digit of 432856?
8
What is the millions digit of 6629326?
6
What is the tens digit of 12118513?
1
What is the ten thousands digit of 150097?
5
What is the thousands digit of 279655?
9
What is the units digit of 47479?
9
What is the hundred thousands digit of 1739505?
7
What is the hundreds digit of 2067993?
9
What is the hundreds digit of 936728?
7
What is the tens digit of 75890?
9
What is the hundreds digit of 90441?
4
What is the hundred thousands digit of 179409?
1
What is the millions digit of 6984930?
6
What is the units digit of 1890110?
0
What is the hundreds digit of 2190885?
8
What is the millions digit of 7122371?
7
What is the thousands digit of 646093?
6
What is the units digit of 1411044?
4
What is the tens digit of 239048?
4
What is the units digit of 1838749?
9
What is the thousands digit of 119729?
9
What is the hundreds digit of 6003873?
8
What is the ten thousands digit of 824757?
2
What is the ten thousands digit of 11460582?
6
What is the units digit of 538161?
1
What is the hundred thousands digit of 4554944?
5
What is the tens digit of 3246071?
7
What is the thousands digit of 17097987?
7
What is the thousands digit of 25281758?
1
What is the units digit of 5541242?
2
What is the units digit of 208016?
6
What is the thousands digit of 266729?
6
What is the tens digit of 2253676?
7
What is the hundreds digit of 1534735?
7
What is the tens digit of 350378?
7
What is the ten thousands digit of 1201691?
0
What is the tens digit of 88808?
0
What is the tens digit of 141265?
6
What is the ten thousands digit of 31046843?
4
What is the ten thousands digit of 60975?
6
What is the ten thousands digit of 286533?
8
What is the hundred thousands digit of 27201359?
2
What is the units digit of 331392?
2
What is the hundreds digit of 8335425?
4
What is the ten thousands digit of 283486?
8
What is the thousands digit of 74347?
4
What is the ten thousands digit of 2484299?
8
What is the hundreds digit of 80357?
3
What is the ten thousands digit of 131467?
3
What is the hundreds digit of 2477790?
7
What is the ten thousands digit of 350702?
5
What is the tens digit of 4732690?
9
What is the hundred thousands digit of 7154043?
1
What is the units digit of 847276?
6
What is the ten thousands digit of 7478792?
7
What is the tens digit of 3090914?
1
What is the hundred thousands digit of 101264?
1
What is the ten thousands digit of 5870539?
7
What is the tens digit of 15960336?
3
What is the ten thousands digit of 10678990?
7
What is the ten thousands digit of 1049091?
4
What is the thousands digit of 1439967?
9
What is the hundreds digit of 2907690?
6
What is the millions digit of 30140804?
0
What is the hundreds digit of 206978?
9
What is the units digit of 390527?
7
What is the tens digit of 217844?
4
What is the millions digit of 1199959?
1
What is the hundred thousands digit of 250021?
2
What is the ten thousands digit of 1059751?
5
What is the ten thousands digit of 5943051?
4
What is the units digit of 256815?
5
What is the hundreds digit of 68901?
9
What is the hundreds digit of 267683?
6
What is the ten thousands digit of 305051?
0
What is the millions digit of 4818866?
4
What is the thousands digit of 941134?
1
What is the millions digit of 23152988?
3
What is the units digit of 4211088?
8
What is the millions digit of 1497414?
1
What is the units digit of 113763?
3
What is the hundreds digit of 72012?
0
What is the units digit of 9391166?
6
What is the hundreds digit of 622879?
8
What is the tens digit of 559729?
2
What is the ten thousands digit of 125909?
2
What is the ten thousands digit of 269819?
6
What is the thousands digit of 5263616?
3
What is the hundreds digit of 21813315?
3
What is the ten thousands digit of 2005561?
0
What is the millions digit of 6503275?
6
What is the thousands digit of 322698?
2
What is the units digit of 2320556?
6
What is the millions digit of 29538549?
9
What is the millions digit of 18720840?
8
What is the units digit of 104906?
6
What is the thousands digit of 11265051?
5
What is the hundred thousands digit of 195016?
1
What is the hundreds digit of 404812?
8
What is the units digit of 282298?
8
What is the ten thousands digit of 661976?
6
What is the tens digit of 8175741?
4
What is the thousands digit of 181023?
1
What is the hundreds digit of 676403?
4
What is the units digit of 1651088?
8
What is the ten thousands digit of 289020?
8
What is the units digit of 1235738?
8
What is the hundred thousands digit of 628032?
6
What is the thousands digit of 2280317?
0
What is the hundreds digit of 182409?
4
What is the hundreds digit of 4837?
8
What is the tens digit of 5717175?
7
What is the units digit of 25458497?
7
What is the millions digit of 4664454?
4
What is the units digit of 201144?
4
What is the thousands digit of 3240043?
0
What is the thousands digit of 5547224?
7
What is the hundred thousands digit of 407055?
4
What is the hundred thousands digit of 1727682?
7
What is the hundreds digit of 5716493?
4
What is the thousands digit of 107938?
7
What is the hundred thousands digit of 8967561?
9
What is the ten thousands digit of 6529160?
2
What is the hundreds digit of 2129178?
1
What is the hundred thousands digit of 20811807?
8
What is the units digit of 221486?
6
What is the hundreds digit of 1433717?
7
What is the units digit of 48956?
6
What is the thousands digit of 97295?
7
What is the millions digit of 5640047?
5
What is the thousands digit of 181950?
1
What is the ten thousands digit of 34470638?
7
What is the hundred thousands digit of 9719040?
7
What is the units digit of 14958?
8
What is the units digit of 3887865?
5
What is the units digit of 104429?
9
What is the ten thousands digit of 4527530?
2
What is the thousands digit of 23437329?
7
What is the units digit of 296131?
1
What is the hundreds digit of 4896633?
6
What is the ten millions digit of 17813945?
1
What is the hundreds digit of 53581?
5
What is the units digit of 4259181?
1
What is the ten thousands digit of 26105?
2
What is the ten thousands digit of 1220427?
2
What is the tens digit of 790400?
0
What is the ten thousands digit of 617847?
1
What is the thousands digit of 164002?
4
What is the tens digit of 1831536?
3
What is the ten thousands digit of 207063?
0
What is the units digit of 7514588?
8
What is the thousands digit of 30074?
0
What is the hundred thousands digit of 5695285?
6
What is the thousands digit of 1101905?
1
What is the hundred thousands digit of 13816514?
8
What is the ten thousands digit of 560043?
6
What is the millions digit of 23805265?
3
What is the tens digit of 453703?
0
What is the tens digit of 177297?
9
What is the units digit of 38531989?
9
What is the ten thousands digit of 2818513?
1
What is the hundreds digit of 1805115?
1
What is the tens digit 